
Let u(l) = l**3 + 8*l**2 - 83*l + 29. Calculate the remainder when 46 is divided by u(-14).
1
Suppose 17*p - 148 = 13*p. Suppose -3*g + 53 = 5*k, -g = -4*k + 4*g + 72. Calculate the remainder when p is divided by k.
11
Suppose -2*j - 3*j = 0, 3*t = 3*j + 39. Suppose -10*n = -t*n + 30. Calculate the remainder when 18 is divided by n.
8
Let n = 275 - 119. Let d = -105 + n. What is the remainder when d is divided by 11?
7
Suppose 438*l - 432*l = 252. What is the remainder when 50 is divided by l?
8
Let z = 5 + 4. Calculate the remainder when z is divided by (-108)/(-243) + (3 - 5/(-9)).
1
Suppose -5*q = 5*w + 5, 0 = 5*q - 5*w - 18 - 27. What is the remainder when 43 is divided by q?
3
Suppose 4*l + 19*p = 15*p + 36, 0 = -5*p - 25. Calculate the remainder when 27/(-2)*(-3 - -1) is divided by l.
13
Let i(l) = -l**3 + 20*l**2 - 6*l + 103. Calculate the remainder when i(19) is divided by 11.
9
What is the remainder when 63 is divided by 2 + -1 + (6 - 21/(-3))?
7
Let f(m) = -m**3 + 6*m**2 - m - 1. Let j be f(5). Let i be (-150)/(-40) + (-2)/(-8). Suppose -j*n + i = -17*n. What is the remainder when 5 is divided by n?
1
Let d be (1 + 25)/((-14)/(-28)). Suppose 0 = 4*r + 4*i - d, -65 = -5*r - 3*i + 4*i. Suppose 2*s - 25 - r = 0. What is the remainder when 37 is divided by s?
18
Suppose -2*f - 73 = -3*f. Let l be (-130)/(-15) + (-3)/(-9). Let g(c) = 3*c - 8. What is the remainder when f is divided by g(l)?
16
Let d be (4 - -2)*((-21)/18 - -3). Suppose 0 = -d*s + 510 + 194. Calculate the remainder when s is divided by 22.
20
Let y(l) = -34*l**3 + 2*l**2 + 5*l - 6. Let d be y(1). Let h = 129 + d. What is the remainder when h is divided by 20?
16
Let g be (1 - (-3)/(-2))/((-9)/108). Let t = 18 - g. Let p = -138 + 195. What is the remainder when p is divided by t?
9
Let n be ((-3)/(-3) + -3)*2. What is the remainder when (-15)/60 - 333/n is divided by 21?
20
Let q(v) = v**3 - 12*v**2 + 16*v - 7. Let g be q(11). Suppose -2*n = -b + 1, 2*b + 3*n = -b + g. Calculate the remainder when 20 is divided by b.
9
What is the remainder when 251 is divided by 5 + (32 - 4) + (-2 - -2)?
20
Suppose 0*i - 273 = -3*i - 3*q, 0 = -3*q + 12. Suppose -15 = i*u - 88*u. What is the remainder when 23 is divided by u?
8
Suppose 0 = 2*a - 19*z + 17*z - 6, -a - 5*z = -33. Calculate the remainder when 196 is divided by a.
4
Suppose 3*n + 9 = 24. Suppose -20 = -n*d + 55. Let z = d - 8. Calculate the remainder when 13 is divided by z.
6
Let q(s) = 4*s**2 - s. Let i = -66 + 73. Calculate the remainder when i is divided by q(1).
1
Let z be -1 + 1 + 63/3 + -5. Let a(q) = -q**2 + 15*q + 22. Calculate the remainder when 11 is divided by a(z).
5
Let f(y) = 68*y + 1231. Let v(d) = -d**2 - 4*d + 2. Let l be v(-6). Let o = l + 14. What is the remainder when f(-18) is divided by o?
3
Let u(i) = -83*i + 15. Let y be u(-2). Suppose -10*k = -y - 809. Calculate the remainder when k is divided by 34.
31
Suppose s = -m - 2, -m - 4*m = -5*s + 40. Suppose -y - s*w = -19, 3*y + 9 - 46 = w. Calculate the remainder when 36 is divided by y.
10
Let g = -30 + 45. Calculate the remainder when 804/14 + 20/35 is divided by g.
13
Let r(z) = 1 + 0 - 2*z - 5. Calculate the remainder when r(-4) is divided by 1890/648 - (44/48 - 1).
1
Suppose 0 = 13*j - 63*j + 5650. Let x = 107 - 69. What is the remainder when j is divided by x?
37
Suppose -2630 = -28*x + 23*x. Suppose -3*q = -5*o - 0*q + x, 3*o - 316 = 2*q. What is the remainder when o is divided by 21?
20
Let g be 1 - -2 - (9 + -2). Let x be 2*1/(-4)*g. Suppose -f + 0 + 3 = -x*j, 3*f - 2*j = 9. Calculate the remainder when 4 is divided by f.
1
Suppose 509 = 14*z - 863. Calculate the remainder when 585 is divided by z.
95
Suppose -38 = 5*w + 4*z + 49, 2*z - 4 = 0. Calculate the remainder when 79 is divided by (1 - w) + (8 - 12).
15
Let w be ((-15)/10)/(12/(-128)). Suppose -w*j = -0*j - 112. What is the remainder when 19 is divided by j?
5
Suppose 0 = 5*l - 25, -4*b + 9 = -2*l - 1. Calculate the remainder when (114/(-18) - -7)/(2/81) is divided by b.
2
Suppose c - 4*i = 6, 3*i - i - 6 = -4*c. Calculate the remainder when -2*c - (-39 + -11) is divided by 26/91 + 82/7.
10
What is the remainder when 25 is divided by (1 + (2 - 5))/(8/(-16))?
1
Suppose l + 9 + 11 = 0. Let r = 5 + l. What is the remainder when 9 is divided by r/10*(-10)/3?
4
Let g(v) = -5*v - 1. Suppose 3*z - 4*u = -8, 15 = -3*z - 0*z - 3*u. Let j be (-18)/z*6/(-9). Calculate the remainder when 27 is divided by g(j).
13
Let c be 4/(-10) + 1686/15. Suppose b + b = v - c, -3*v + 4*b + 346 = 0. Calculate the remainder when v is divided by 42.
38
Suppose -4*g + 2*t + 1705 = 7*t, 12 = -4*t. Calculate the remainder when g is divided by 27.
25
Let k(o) = o**2 + 2*o - 9. Suppose -4*l - 6 - 22 = 0. Let n be k(l). Let h = -6 + n. Calculate the remainder when 39 is divided by h.
19
Calculate the remainder when (-4 - -3)/((-15)/1755) is divided by 7.
5
Let n(b) = -b + 1. Suppose -5*x + 4 = 44. Calculate the remainder when 25 is divided by n(x).
7
Suppose 23 = 4*m - 2*n - 7, 0 = -m - 3*n - 10. Let j(s) = 2*s - 12. Let f be j(10). Suppose u - f = 7. What is the remainder when u is divided by m?
0
Suppose -45*k = -44*k + 52. Let a = k - -61. Calculate the remainder when 43 is divided by a.
7
Let b be ((-6)/4)/(((-99)/(-12))/11). Calculate the remainder when 54 is divided by b/((-80)/(-44) - 2).
10
Suppose 7 = 4*k - 1. Let n(c) = -2*c**2 + 26*c + 2. Let p be n(13). What is the remainder when 20 - p - (3 + 3) is divided by k?
0
Let z = -29 + 29. Suppose 5*c = 0, 5*c = 2*f - z*c - 114. What is the remainder when f is divided by 15?
12
Let b = 68 + -66. Let h be (-10)/(-45) - 25/(-9). Suppose -b*c - h*c = -190. Calculate the remainder when c is divided by 13.
12
Let i(d) = 8*d**2 - 4. Let c be i(-3). Suppose 2*m - c = -5*u, -m = -5*u - 5*m + 66. What is the remainder when u is divided by 8?
6
Suppose -68 = 4*a + 28. What is the remainder when 38 is divided by (-4)/a*3*26?
12
Let p(k) = -2*k**3 + 3*k**2 + 2*k - 2. Let r be p(-2). Let h = r + 2. Calculate the remainder when 92 - (-8)/(-10)*(-25)/10 is divided by h.
22
Let x(h) = -320*h**3 + h + 1. Let d be x(-1). Suppose 20*z - d = 16*z. What is the remainder when (-21)/2*z/(-24) is divided by 19?
16
Let p = 1713 + -1384. Calculate the remainder when p is divided by 66.
65
Let s be (-3)/9 + 98/(-21). Let l(q) = q**2 - q - 15. Suppose -j = 2*k - 3*k + 56, -5*j = 4*k - 224. What is the remainder when k is divided by l(s)?
11
Suppose 3*a = -3*i + 5*a + 258, -a = -3. Let f(z) = 2*z - 17. What is the remainder when i is divided by f(13)?
7
Let t = 401 - -3946. Calculate the remainder when t is divided by 50.
47
Let j(l) = 11*l**3 - l**2 + l. Suppose -262*a - 3*g + 198 = -257*a, -3*a = 4*g - 110. What is the remainder when a is divided by j(1)?
9
Suppose 3*g - 73 + 4 = 0. What is the remainder when 76 is divided by g?
7
Let a = 12 - 6. Let z = -8 - -19. Calculate the remainder when 4/a - 94/(-3) is divided by z.
10
Suppose -11*q + 736 = -1222. Calculate the remainder when q is divided by 75.
28
Suppose -4*x + 2*z + 150 = 0, 119 = 3*x + 4*z + z. Calculate the remainder when 73/3*(1 + 2) is divided by x.
35
Let r(i) = 19*i**2 + 3*i. Let u be r(-2). Suppose 0 = -o + 2*o - u. Calculate the remainder when o is divided by (6/(-8))/(1/(-24)).
16
Let x = 1351 + -1241. What is the remainder when 392 is divided by x?
62
Let g be (3 - 4)/(((-3)/25)/3). Suppose -3*n + 4*y - 5 = 0, 0*n = -3*n - 2*y + g. What is the remainder when 18 is divided by n?
3
Suppose -6 + 18 = n. Suppose -4*c + 32 = 3*f + f, 5*f - 37 = -4*c. Suppose -o + 170 = f*g + 4*o, 3*o + 63 = 2*g. Calculate the remainder when g is divided by n.
9
Let r = -2904 - -2951. Let m(k) = k**2 + 6*k - 6. Calculate the remainder when r is divided by m(-8).
7
Let w = 2602 + -2527. What is the remainder when 85 is divided by w?
10
Suppose 0 = -q + 2*t + 3, 4*t = -4*q + 39 + 33. What is the remainder when (-92)/(-6)*72/48 is divided by q?
10
Let i(l) = 0 + 45 + l + 6 - 8. What is the remainder when i(16) is divided by 15?
14
Let o(x) = -x**2 - 18*x + 16. Calculate the remainder when o(-11) is divided by 34.
25
Suppose -w - 57 = 15. Let q = 100 + w. Calculate the remainder when q is divided by 9.
1
Let q = 18 - 7. Suppose 46 = k - 3*s, 0 = 